ded by 5654?
502
What is the remainder when 72695949 is divided by 123?
120
Calculate the remainder when 4709210 is divided by 7103.
7024
What is the remainder when 7138939 is divided by 1943?
357
What is the remainder when 469166 is divided by 113?
103
Calculate the remainder when 113742 is divided by 3944.
3310
What is the remainder when 116742 is divided by 38645?
807
Calculate the remainder when 38615 is divided by 5373.
1004
What is the remainder when 89520826 is divided by 78?
70
Calculate the remainder when 6100 is divided by 5273.
827
What is the remainder when 595458 is divided by 76?
74
Calculate the remainder when 2156898 is divided by 79885.
3
What is the remainder when 191847720 is divided by 4475?
4470
What is the remainder when 3565627 is divided by 106?
105
What is the remainder when 180114 is divided by 179085?
1029
What is the remainder when 1646310 is divided by 94?
88
What is the remainder when 31295 is divided by 29893?
1402
Calculate the remainder when 108577138 is divided by 22658.
2
What is the remainder when 78459708 is divided by 114?
6
What is the remainder when 3180684 is divided by 599?
593
What is the remainder when 13125418 is divided by 7034?
7008
Calculate the remainder when 33477815 is divided by 387.
380
What is the remainder when 476441 is divided by 158646?
503
What is the remainder when 268379 is divided by 133397?
1585
What is the remainder when 458851 is divided by 18353?
26
What is the remainder when 4328361 is divided by 288543?
216
Calculate the remainder when 31188677 is divided by 946.
3
What is the remainder when 1266867 is divided by 1226?
409
What is the remainder when 840305 is divided by 36530?
115
Calculate the remainder when 387684 is divided by 53.
42
What is the remainder when 15878845 is divided by 65345?
10
Calculate the remainder when 65883 is divided by 21921.
120
What is the remainder when 18218929 is divided by 143?
14
What is the remainder when 685305139 is divided by 169?
168
What is the remainder when 221616 is divided by 1517?
134
Calculate the remainder when 1581908 is divided by 2523.
2510
What is the remainder when 241103 is divided by 648?
47
What is the remainder when 6993795 is divided by 68?
63
Calculate the remainder when 151371107 is divided by 1239.
1238
What is the remainder when 317856 is divided by 586?
244
What is the remainder when 570173 is divided by 5652?
4973
Calculate the remainder when 49422141 is divided by 172.
5
What is the remainder when 106642905 is divided by 36?
33
What is the remainder when 29085379 is divided by 2357?
2356
Calculate the remainder when 5135475 is divided by 5.
0
What is the remainder when 11297095 is divided by 3050?
2945
What is the remainder when 291438 is divided by 777?
63
Calculate the remainder when 35800898 is divided by 44.
34
Calculate the remainder when 4922551 is divided by 96519.
82
What is the remainder when 296313 is divided by 183?
36
Calculate the remainder when 194890 is divided by 254.
72
Calculate the remainder when 527904 is divided by 61.
10
What is the remainder when 770498 is divided by 287?
190
What is the remainder when 162965 is divided by 1234?
77
Calculate the remainder when 6286431 is divided by 2842.
2769
What is the remainder when 126483 is divided by 272?
3
Calculate the remainder when 78014217 is divided by 39007103.
11
What is the remainder when 20123924 is divided by 28997?
6
What is the remainder when 12827030 is divided by 444?
314
Calculate the remainder when 155808 is divided by 155772.
36
Calculate the remainder when 6225 is divided by 80.
65
What is the remainder when 17467096 is divided by 1163?
1162
What is the remainder when 627510 is divided by 5986?
4966
Calculate the remainder when 2041764 is divided by 106.
98
Calculate the remainder when 5895572 is divided by 1147.
1139
What is the remainder when 5433 is divided by 1105?
1013
Calculate the remainder when 976558 is divided by 88767.
121
Calculate the remainder when 885100 is divided by 10536.
76
Calculate the remainder when 119141 is divided by 61.
8
What is the remainder when 16929429 is divided by 1919?
11
What is the remainder when 11211771 is divided by 3737249?
24
Calculate the remainder when 65717469 is divided by 32858731.
7
Calculate the remainder when 145426 is divided by 4809.
1156
Calculate the remainder when 32804691 is divided by 62.
57
What is the remainder when 269169 is divided by 66944?
1393
What is the remainder when 1884251 is divided by 127?
79
What is the remainder when 213590 is divided by 1748?
334
What is the remainder when 14688 is divided by 666?
36
What is the remainder when 40670 is divided by 12279?
3833
Calculate the remainder when 3153688 is divided by 49.
48
What is the remainder when 4018164 is divided by 4018025?
139
Calculate the remainder when 3099314 is divided by 41324.
14
What is the remainder when 944659 is divided by 2008?
899
Calculate the remainder when 1841939733 is divided by 695.
693
What is the remainder when 3803360 is divided by 222?
56
Calculate the remainder when 511136 is divided by 46434.
362
Calculate the remainder when 2684445 is divided by 864.
861
What is the remainder when 752459 is divided by 1289?
972
Calculate the remainder when 181425503 is divided by 1559.
1555
Calculate the remainder when 39998738 is divided by 39998699.
39
What is the remainder when 3888590 is divided by 97208?
270
Calculate the remainder when 212960 is divided by 2738.
2134
What is the remainder when 531773334 is divided by 1013?
1010
What is the remainder when 398672 is divided by 340?
192
Calculate the remainder when 304204 is divided by 585.
4
Calculate the remainder when 1471467 is divided by 3352.
3291
What is the remainder when 158875 is divided by 7221?
13
What is the remainder when 25580244 is divided by 8526741?
21
Calculate the remainder when 148182 is divided by 2093.
1672
Calculate the remainder when 11406621 is divided by 125.
121
Calculate the remainder when 418557 is divided by 462.
447
What is the remainder when 43474 is divided by 375?
349
Calculate the remainder when 18739 is divided by 4979.
3802
Calculate the remainder when 18692779 is divided by 5318.
9
What is the remainder when 467139 is divided by 315?
309
Calculate the remainder when 323843 is divided by 322183.
1660
What is the remainder when 112241 is divided by 112210?
31
Calculate the remainder when 1747755 is divided by 582579.
18
What is the remainder when 379402 is divided by 4396?
1346
What is the remainder when 110358 is divided by 12259?
27
What is the remainder when 103527187 is divided by 881?
877
What is the remainder when 743479 is divided by 17?
1
What is the remainder when 13702063 is divided by 244?
243
What is the remainder when 10683081 is divided by 74?
71
Calculate the remainder when 10614312 is divided by 13.
7
What is the remainder when 832016 is divided by 381?
293
What is the remainder when 1745236111 is divided by 39?
34
Calculate the remainder when 42704889 is divided by 1149.
6
Calculate the remainder when 6109311 is divided by 47.
16
What is the remainder when 802028 is divided by 9901?
47
What is the remainder when 542595 is divided by 540313?
2282
Calculate the remainder when 538046541 is divided by 46.
43
Calculate the remainder when 5164432 is divided by 5164382.
50
What is the remainder when 1040534 is divided by 173413?
56
What is the remainder when 174747970 is divided by 25?
20
Calculate the remainder when 1075886 is divided by 1075867.
19
What is the remainder when 25602631 is divided by 1356?
1351
What is the remainder when 922249 is divided by 1522?
1439
Calculate the remainder when 115091467 is divided by 123.
121
What is the remainder when 40788377 is divided by 754?
747
Calculate the remainder when 24420 is divided by 600.
420
Calculate the remainder when 160387438 is divided by 1126.
1124
Calculate the remainder when 165005 is divided by 41249.
9
Calculate the remainder when 14065357 is divided by 11.
9
Calculate the remainder when 195508 is divided by 48855.
88
Calculate the remainder when 2731006 is divided by 897.
538
Calculate the remainder when 10360490 is divided by 42461.
6
Calculate the remainder when 170743842 is divided by 1643.
1639
What is the remainder when 122742301 is d